 what is 1002123120 + -3?
1002123111
In base 3, what is 21220110111 - -2?
21220110120
In base 11, what is 4 - 687a6?
-687a2
In base 4, what is -10 + -3323013?
-3323023
In base 13, what is 4 + -30c2?
-30bb
In base 13, what is 1487 - -151?
1608
In base 15, what is -112 - -29bc?
28aa
In base 13, what is -836229 + 0?
-836229
In base 7, what is -5564156 + -1?
-5564160
In base 9, what is -12811 + -4?
-12815
In base 2, what is 11100000110100000 - -100110?
11100000111000110
In base 4, what is 20212 + 1023?
21301
In base 14, what is -14235c + 4?
-142358
In base 13, what is -1808 + -1c5?
-1a00
In base 7, what is -426300 - -1?
-426266
In base 6, what is -300051 + -15?
-300110
In base 7, what is -1 + -511062?
-511063
In base 6, what is -402425 - -52?
-402333
In base 8, what is 5 - 206604?
-206577
In base 10, what is -4 + -723583?
-723587
In base 5, what is 0 + 24202004?
24202004
In base 10, what is 240711 - -4?
240715
In base 4, what is -10 + 3202101?
3202031
In base 6, what is 4 + -120442?
-120434
In base 14, what is 7c80c - -9?
7c817
In base 5, what is 1012 - -3101?
4113
In base 16, what is -176e7 - 20?
-17707
In base 16, what is 4 + -7082?
-707e
In base 15, what is 3 + 1737b?
1737e
In base 15, what is -937 + 24?
-913
In base 2, what is 10 + -1101100110?
-1101100100
In base 11, what is -68433 - -4?
-6842a
In base 13, what is -1007 - -37?
-ca0
In base 5, what is 412331420 - 1?
412331414
In base 2, what is -101010011001011 - -10101?
-101010010110110
In base 14, what is -169 + a?
-15d
In base 6, what is -105530 + 1?
-105525
In base 14, what is -1032c - 0?
-1032c
In base 4, what is -210 + -1221330?
-1222200
In base 10, what is -2391 + -10?
-2401
In base 14, what is 2 - 1bdd1?
-1bdcd
In base 11, what is 5a33 - 1?
5a32
In base 4, what is -1300232200 - -31?
-1300232103
In base 9, what is 27 - -41257?
41285
In base 9, what is 4 - 4488?
-4484
In base 10, what is -36 + 777?
741
In base 8, what is -3 - -60634?
60631
In base 9, what is 2684 - -68?
2763
In base 10, what is 9 + -3576?
-3567
In base 4, what is 20232211110 + -10?
20232211100
In base 16, what is -4f97 + 61?
-4f36
In base 14, what is -17b3 + b?
-17a6
In base 11, what is -2 + -589871?
-589873
In base 12, what is -11a5 + -15?
-11ba
In base 13, what is -c - -1ab4?
1aa5
In base 8, what is 132700 + 1?
132701
In base 7, what is -626 + -1643?
-2602
In base 8, what is 5634 + 24?
5660
In base 15, what is d13 - 44?
cbe
In base 2, what is 101 + -100100100?
-100011111
In base 2, what is 10010 + -1101110111110?
-1101110101100
In base 9, what is 37 - -5665?
5713
In base 13, what is -727003 - 5?
-727008
In base 6, what is 2 - 35043252?
-35043250
In base 14, what is -66 + -2a6?
-32c
In base 3, what is 221 - 21100?
-20102
In base 5, what is -4 + -111344424?
-111344433
In base 10, what is -143 - -1218?
1075
In base 14, what is 8cc + 31?
91d
In base 8, what is 10 - 27642?
-27632
In base 9, what is 1 + 33660?
33661
In base 5, what is 0 - -20333421?
20333421
In base 14, what is 41 - 2302?
-22a1
In base 6, what is -3 + -1222200?
-1222203
In base 6, what is 5141 - 210?
4531
In base 3, what is -10 - 11112001112?
-11112001122
In base 3, what is 2102 - -1220111?
1222220
In base 13, what is -5 - 88777?
-8877c
In base 15, what is 971e - 5?
9719
In base 10, what is 1551 + -95?
1456
In base 14, what is b98 + 2b4?
106c
In base 10, what is -128410 - 2?
-128412
In base 14, what is -6b + 103?
76
In base 6, what is 342 - 52?
250
In base 15, what is -57 + 2bd?
266
In base 13, what is -506 - -50?
-486
In base 13, what is 4 - -912?
916
In base 8, what is -7 + 267?
260
In base 6, what is 13 - -213052?
213105
In base 10, what is -35163 - 170?
-35333
In base 4, what is 12 - -3300012?
3300030
In base 11, what is -3516 - 94?
-35aa
In base 4, what is 2111323 - 10?
2111313
In base 13, what is 8c9a + b?
8ca8
In base 15, what is 4b45 + 95?
4bda
In base 11, what is -70 - 538?
-5a8
In base 11, what is 10949 + 2?
10950
In base 15, what is 4 + -e69e3?
-e69de
In base 2, what is -10100000001 + 11011101?
-10000100100
In base 9, what is -65 - -23616?
23541
In base 4, what is -100311 + 101?
-100210
In base 7, what is -262654 + -4?
-262661
In base 3, what is 101222201220 + -10?
101222201210
In base 5, what is 2023 + -4123?
-2100
In base 6, what is -15 - -134555?
134540
In base 9, what is -15 - -11856?
11841
In base 14, what is -9134b - -3?
-91348
In base 11, what is 439 + -2761?
-2323
In base 16, what is 15a + 77c?
8d6
In base 5, what is -22 + -14103043?
-14103120
In base 3, what is -11000102221211 + 10?
-11000102221201
In base 6, what is -130 + 220550?
220420
In base 11, what is 6 + -6488?
-6482
In base 3, what is 10120210 + 122?
10121102
In base 9, what is 537 + 434?
1072
In base 7, what is -144061 - 2?
-144063
In base 15, what is -825 - 849?
-116e
In base 8, what is 11 + 477026?
477037
In base 9, what is -222 + 127?
-84
In base 15, what is 694 - -78e?
e33
In base 5, what is -3342033 + -22?
-3342110
In base 3, what is 211221 - 112000?
22221
In base 5, what is -330 + 10202?
4322
In base 10, what is -36516 + 2?
-36514
In base 12, what is -827 - 329?
-b54
In base 6, what is 4214 + 4314?
12532
In base 2, what is -100000111 + -101011110?
-1001100101
In base 5, what is 14 + -2000011?
-1444442
In base 4, what is 10201 + 30110?
100311
In base 4, what is -112220 - -1323?
-110231
In base 6, what is 331133 + 1?
331134
In base 2, what is 1101000100011011 - 110?
1101000100010101
In base 3, what is 102222 + 2121101?
10001100
In base 4, what is 10333332 - -102?
11000100
In base 3, what is 100 - 110021001001?
-110021000201
In base 7, what is 50216 + 5?
50224
In base 14, what is -486082 + -1?
-486083
In base 4, what is 133 + -32222?
-32023
In base 16, what is 269 + -3?
266
In base 12, what is -35b7 - 1?
-35b8
In base 4, what is -232 - -302123?
301231
In base 9, what is -6780 + 13?
-6766
In base 14, what is 12a + 72d?
859
In base 3, what is 2 - 1111102102?
-1111102100
In base 14, what is -170 - -1c35?
1aa5
In base 16, what is c6 - 98f?
-8c9
In base 2, what is -100 + -110010111100111?
-110010111101011
In base 8, what is -2447265 + -5?
-2447272
In base 3, what is 120 - -11112122?
11120012
In base 13, what is -2b1 - aa?
-38b
In base 9, what is 6 - -52111?
52117
In base 8, what is 33205 - 214?
32771
In base 9, what is 1138308 + 3?
1138312
In base 13, what is -50b + -c19?
-1427
In base 3, what is -101001022 + 1101?
-100222221
In base 8, what is 122350 - -4?
122354
In base 16, what is -5b46 - -2?
-5b44
In base 5, what is -431 - -121333?
120402
In base 4, what is 130 + -12121?
-11331
In base 15, what is -1 + -58de5?
-58de6
In base 10, what is -31 + -1924?
-1955
In base 5, what is -303103014 - -2?
-303103012
In base 6, what is -1 - 2315351?
-2315352
In base 12, what is 72348 + -6?
72342
In base 7, what is -325 - -45?
-250
In base 8, what is 2071 - 5?
2064
In base 15, what is -5 + 3889?
3884
In base 6, what is -221111 + -10?
-221121
In base 9, what is 34650 - -4?
34654
In base 16, what is 2 - 3fed4?
-3fed2
In base 2, what is 100101010111001101 - 101?
100101010111001000
In base 9, what is -2 + -16872?
-16874
In base 15, what is -390 - 13?
-3a3
In base 8, what is 70120 + 3?
70123
In base 3, what is -21200100120 - 100?
-21200100220
In base 3, what is -22021021 - -110?
-22020211
In base 8, what is 11411 - 2544?
6645
In base 12, what is 0 - -10255?
10255
In base 6, what is 300022 + 0?
300022
In base 4, what is 10 + 11120022?
11120032
In base 3, what is 202 - 212221?
-212012
In base 3, what is 2111111010 - 11?
2111110222
In base 10, what is -770 - -412?
-358
In base 2, what is -1 - -1110011110101?
1110011110100
In base 15, what is bd0b - 7?
bd04
In base 11, what is -993 - 76?
-a59
In base 11, what is 6887 - -3a?
6916
In base 7, what is -3641 - 144?
-4115
In base 3, what is -111021011111 + 1?
-111021011110
In base 2, what is -10111001 + 10011100101?
10000101100
In base 9, what is -233 + -2076?
-2320
In base 10, what is 3 + 15520?
15523
In base 16, what is -48bd4 + 4?
-48bd0
In base 15, what is 2878de - 1?
2878dd
In base 13, what is 1 + -1b94c?
-1b94b
In base 10, what is -215 - -86?
-129
In base 15, what is 3 + 19b9?
19bc
In base 9, what is -4 + -148325?
-148330
In base 13, what is 10a95 - 2?
10a93
In base 13, what is 51c + -14?
508
In base 2, what is 1101100010000001 - 100?
110110000111